ide 320690?
True
Does 19 divide 2352466?
True
Is 5 a factor of 496375?
True
Is 184 a factor of 2932592?
True
Is 35 a factor of 12509265?
False
Does 43 divide 2809301?
False
Is 2394840 a multiple of 140?
True
Is 3068343 a multiple of 8?
False
Is 1981265 a multiple of 88?
False
Does 172 divide 16929960?
True
Is 4 a factor of 93548?
True
Is 210390 a multiple of 63?
False
Is 7820402 a multiple of 415?
False
Is 14 a factor of 199409?
False
Is 13902342 a multiple of 481?
False
Does 3 divide 46173?
True
Does 364 divide 732004?
True
Is 15 a factor of 12661200?
True
Is 88 a factor of 9240?
True
Is 42 a factor of 1358124?
False
Is 16 a factor of 189121?
False
Is 262789 a multiple of 578?
False
Is 265656 a multiple of 6?
True
Does 20 divide 369420?
True
Is 179409 a multiple of 17?
False
Does 183 divide 550985?
False
Is 14 a factor of 1538057?
False
Is 165 a factor of 218955?
True
Does 19 divide 428241?
True
Is 2553267 a multiple of 15?
False
Is 82 a factor of 1627?
False
Does 15 divide 6918105?
True
Is 12 a factor of 485113?
False
Is 1238068 a multiple of 328?
False
Does 5 divide 87366?
False
Does 5 divide 2645485?
True
Is 423752 a multiple of 49?
True
Does 17 divide 7737873?
True
Is 77 a factor of 371790?
False
Is 20 a factor of 1269813?
False
Is 14960 a multiple of 680?
True
Is 97389 a multiple of 20?
False
Is 513076 a multiple of 475?
False
Is 209319 a multiple of 11?
True
Does 21 divide 183837?
False
Does 535 divide 162614?
False
Is 30 a factor of 1535833?
False
Is 15 a factor of 2852385?
True
Does 118 divide 18054?
True
Is 40 a factor of 569003?
False
Is 2171908 a multiple of 59?
True
Is 39482 a multiple of 19?
True
Does 32 divide 284192?
True
Does 235 divide 204920?
True
Is 88 a factor of 562496?
True
Does 21 divide 6888938?
False
Is 230 a factor of 1575960?
True
Is 446 a factor of 4166187?
False
Is 1572082 a multiple of 71?
True
Is 79612 a multiple of 47?
False
Does 4 divide 424945?
False
Does 22 divide 1123518?
True
Is 7610 a multiple of 5?
True
Is 300 a factor of 1912500?
True
Is 7 a factor of 5188848?
True
Is 210651 a multiple of 21?
True
Does 66 divide 448024?
False
Is 13 a factor of 92521?
True
Is 231 a factor of 1448370?
True
Is 307 a factor of 647132?
False
Does 14 divide 13407758?
True
Does 38 divide 308573?
False
Is 1748901 a multiple of 27?
False
Does 57 divide 1115490?
True
Is 32 a factor of 1610688?
True
Is 2222800 a multiple of 25?
True
Is 36 a factor of 294233?
False
Is 4 a factor of 1797693?
False
Does 2 divide 40246?
True
Does 21 divide 13385?
False
Is 7899747 a multiple of 137?
False
Does 6 divide 303174?
True
Is 272078 a multiple of 6?
False
Does 44 divide 203032?
False
Is 213280 a multiple of 310?
True
Does 753 divide 3718323?
False
Is 398606 a multiple of 3?
False
Does 5 divide 352978?
False
Is 52 a factor of 354276?
True
Is 20 a factor of 263137?
False
Is 46293 a multiple of 2?
False
Does 13 divide 6486082?
False
Is 540 a factor of 2953885?
False
Is 218652 a multiple of 274?
True
Does 99 divide 1180773?
True
Is 381 a factor of 821817?
True
Does 903 divide 3599358?
True
Is 18 a factor of 45936?
True
Is 2613675 a multiple of 75?
True
Does 104 divide 86166?
False
Is 171 a factor of 16083576?
True
Is 28110120 a multiple of 64?
False
Is 50 a factor of 224841?
False
Is 9443887 a multiple of 202?
False
Is 64794 a multiple of 191?
False
Is 24 a factor of 243654?
False
Is 43780 a multiple of 79?
False
Is 23 a factor of 9996260?
True
Does 25 divide 417900?
True
Does 25 divide 165841?
False
Is 26 a factor of 9620?
True
Does 255 divide 199665?
True
Is 82 a factor of 177953?
False
Is 31 a factor of 51410?
False
Does 13 divide 248598?
False
Is 35 a factor of 6745585?
True
Is 1738495 a multiple of 10?
False
Does 133 divide 2143644?
False
Is 215 a factor of 7469100?
True
Does 3 divide 12162?
True
Is 5 a factor of 639320?
True
Does 50 divide 188450?
True
Is 3660900 a multiple of 78?
False
Is 647631 a multiple of 256?
False
Is 50 a factor of 50800?
True
Is 3178711 a multiple of 246?
False
Is 73 a factor of 55480?
True
Is 213 a factor of 2234935?
False
Is 876642 a multiple of 92?
False
Is 60345 a multiple of 135?
True
Does 220 divide 14477980?
True
Is 3285089 a multiple of 55?
False
Is 207 a factor of 2236666?
False
Is 2430115 a multiple of 5?
True
Is 27 a factor of 2945738?
False
Is 16 a factor of 105271?
False
Is 122 a factor of 3859958?
True
Is 86 a factor of 341562?
False
Does 65 divide 165343?
False
Does 463 divide 163492?
False
Is 19 a factor of 5371756?
True
Does 12 divide 2699268?
True
Is 11 a factor of 197351?
True
Is 24 a factor of 36522?
False
Is 1574780 a multiple of 563?
False
Is 143 a factor of 3648337?
False
Does 29 divide 645772?
True
Is 496214 a multiple of 151?
False
Is 4 a factor of 437456?
True
Is 17 a factor of 104213?
False
Does 5 divide 40082?
False
Is 69753 a multiple of 27?
False
Is 2119657 a multiple of 97?
False
Is 51 a factor of 1702839?
True
Is 70 a factor of 447996?
False
Does 3 divide 64316?
False
Is 13588445 a multiple of 1237?
True
Is 345305 a multiple of 34?
False
Is 14722 a multiple of 3?
False
Is 1022145 a multiple of 20?
False
Is 245 a factor of 15435?
True
Is 1931160 a multiple of 19?
True
Does 15 divide 55200?
True
Is 19 a factor of 526775?
True
Is 72 a factor of 212544?
True
Is 769 a factor of 1040457?
True
Does 110 divide 3623180?
True
Does 181 divide 27512?
True
Is 1620774 a multiple of 9?
True
Is 10 a factor of 11846790?
True
Is 437 a factor of 34523?
True
Is 34020 a multiple of 60?
True
Is 194853 a multiple of 18?
False
Does 83 divide 5634011?
False
Does 241 divide 817472?
True
Is 14 a factor of 4924290?
True
Is 17 a factor of 3335504?
False
Is 547348 a multiple of 24?
False
Does 50 divide 2206350?
True
Is 69608 a multiple of 8?
True
Is 340462 a multiple of 108?
False
Is 409386 a multiple of 6?
True
Is 7611082 a multiple of 17?
False
Does 12 divide 19851739?
False
Is 4 a factor of 122401?
False
Does 66 divide 14836959?
False
Is 17 a factor of 86241?
True
Does 82 divide 3669418?
True
Is 585612 a multiple of 9?
True
Is 27 a factor of 88834?
False
Is 14 a factor of 15679202?
True
Is 490 a factor of 204651?
False
Does 655 divide 4422693?
False
Does 202 divide 488032?
True
Does 367 divide 8935708?
False
Is 11 a factor of 2440251?
True
Does 3 divide 17853?
True
Does 140 divide 5599199?
False
Is 211642 a multiple of 58?
True
Does 6 divide 175416?
True
Is 451200 a multiple of 64?
True
Is 1994128 a multiple of 364?
False
Does 119 divide 618443?
True
Is 1819626 a multiple of 676?
False
Is 552916 a multiple of 62?
True
Is 26450 a multiple of 115?
True
Is 286 a factor of 2350969?
False
Is 11387443 a multiple of 36?
False
Does 16 divide 2854218?
False
Does 369 divide 5944959?
True
Is 630 a factor of 882757?
False
Is 28 a factor of 174048?
True
Is 312 a factor of 510658?
False
Is 137 a factor of 5247659?
False
Is 1919648 a multiple of 239?
True
Is 95 a factor of 98334?
False
Does 53 divide 1116483?
False
Is 2414900 a multiple of 31?
True
Is 12610 a multiple of 130?
True
Is 2978131 a multiple of 13?
True
Is 15 a factor of 2102820?
True
Is 2 a factor of 58507?
False
Is 188 a factor of 16674284?
True
Is 88 a factor of 3700488?
True
Is 34 a factor of 343084?
False
Is 201143 a multiple of 204?
False
Is 18234 a multiple of 18?
True
Does 38 divide 2225514?
False
Is 16325584 a multiple of 407?
True
Does 125 divide 18423875?
True
Is 18 a factor of 105152?
False
Does 16 divide 415746?
False
Is 67 a factor of 13735?
True
Does 3 divide 178502?
False
Is 59686 a multiple of 103?
False
Is 965653 a multiple of 59?
True
Is 7919604 a multiple of 693?
True
Is 21 a factor of 1425836?
False
Is 1465854 a multiple of 78?
True
Does 29 divide 198621?
True
Does 13 divide 904358?
True
Is 8226680 a multiple of 385?
True
Does 184 divide 564326?
False
Does 39 divide 719751?
False
Is 66 a factor of 198198?
True
Does 822 divide 2175834?
True
Is 233280 a multiple of 576?
True
Does 212 divide 8052396?
True
Is 38 a factor of 258058?
True
Is 1537608 a multiple of 12?
True
Does 10 divide 77703?
False
Is 12913034 a multiple of 614?
True
Is 214927 a multiple of 2?
False
Does 14 divide 308272?
False
Does 159 divide 87291?
True
Is 16 a factor of 96141?
False
Is 74888 a multiple of 37?
True
Does 185 divide 1857770?
True
Is 1416814 a multiple of 119?
Tr